{"id":171,"date":"2025-03-12T13:18:46","date_gmt":"2025-03-12T12:18:46","guid":{"rendered":"http:\/\/www.cub40ua.ufra.o2switch.site\/?page_id=171"},"modified":"2025-03-16T16:14:23","modified_gmt":"2025-03-16T15:14:23","slug":"que-faire-3","status":"publish","type":"page","link":"https:\/\/www.cub40ua.ufra.o2switch.site\/?page_id=171","title":{"rendered":"Que faire ?"},"content":{"rendered":"\n<h4 class=\"wp-block-heading\"><mark style=\"background-color:rgba(0, 0, 0, 0);color:#45a834\" class=\"has-inline-color\">Cabo Da Roca : l\u00e0 o\u00f9 finit la terre et commence l&rsquo;oc\u00e9an<\/mark><\/h4>\n\n\n\n<h2 class=\"wp-block-heading\">Admirer le panorama<\/h2>\n\n\n\n<p>La principale attraction du Cabo Da Roca est la vue panoramique sur l&rsquo;oc\u00e9an Atlantique. Les falaises escarp\u00e9es et le bruit des vagues s&rsquo;\u00e9crasant contre celles-ci cr\u00e9ent une atmosph\u00e8re unique, vous transporte. <\/p>\n\n\n\n<h2 class=\"wp-block-heading\">Visiter le phare du Cabo Da Roca<\/h2>\n\n\n\n<p>Ce phare historique est l&rsquo;un des plus anciens du Portugal. Sa construction date de 1772. Son architecture et son emplacement font souvent l&rsquo;objet d&rsquo;une jolie photographie. Le phare n&rsquo;est pas toujours ouvert au public.<\/p>\n\n\n\n<h2 class=\"wp-block-heading\">Explorer la Praia Da Ursa <\/h2>\n\n\n\n<p>La Praia Da Ursa est l&rsquo;une des plus belles plages du Portugal, situ\u00e9e \u00e0 proximit\u00e9 du Cabo Da Roca. Son acc\u00e8s se fait uniquement en randonn\u00e9e difficile. M\u00eame si son cadre sauvage en vaut la peine, il est pr\u00e9f\u00e9rable d&rsquo;\u00eatre accompagn\u00e9 d&rsquo;un guide.<\/p>\n\n\n\n<h2 class=\"wp-block-heading\">Randonn\u00e9e dans le Parc Naturel de Sintra-Cascais<\/h2>\n\n\n\n<p>Le Cabo Da Roca fait partie de ce parc naturel offrant de nombreux sentiers de balades le long de la c\u00f4te. Vous pourrez y d\u00e9couvrir la faune et la flore locales et des vues spectaculaires sur l&rsquo;oc\u00e9an \u00e0 perte de vue. <\/p>\n\n\n\n<h2 class=\"wp-block-heading\">Obtenir un certificat du point le plus Occidental<\/h2>\n\n\n\n<p>Pour marquer votre passage, vous pouvez obtenir un certificat personnalis\u00e9 attestant que vous avez \u00e9t\u00e9 au point le plus \u00e0 l&rsquo;ouest de l&rsquo;Europe continentale. Il faut vous rendre \u00e0 l&rsquo;office de tourisme local.<\/p>\n\n\n\n<p>Le Cabo Da Roca est une exp\u00e9rience unique m\u00ealant nature et aventure. Que vous soyez randonneur, photographe pu simple curieux, ce lieu m\u00e9rite de s&rsquo;y arr\u00eater pour contempler. <\/p>\n","protected":false},"excerpt":{"rendered":"<p>Cabo Da Roca : l\u00e0 o\u00f9 finit la terre et commence l&rsquo;oc\u00e9an Admirer le panorama La principale attraction du Cabo Da Roca est la vue panoramique sur l&rsquo;oc\u00e9an Atlantique. Les falaises escarp\u00e9es et le bruit des vagues s&rsquo;\u00e9crasant contre celles-ci cr\u00e9ent une atmosph\u00e8re unique, vous transporte. Visiter le phare du Cabo Da Roca Ce phare &hellip; <\/p>\n<p class=\"link-more\"><a href=\"https:\/\/www.cub40ua.ufra.o2switch.site\/?page_id=171\" class=\"more-link\">Lire la suite de<span class=\"screen-reader-text\">\u00ab\u00a0Que faire ?\u00a0\u00bb<\/span><\/a><\/p>\n","protected":false},"author":1,"featured_media":0,"parent":0,"menu_order":0,"comment_status":"open","ping_status":"closed","template":"","meta":{"footnotes":""},"class_list":["post-171","page","type-page","status-publish","hentry"],"yoast_head":"<!-- This site is optimized with the Yoast SEO plugin v24.5 - https:\/\/yoast.com\/wordpress\/plugins\/seo\/ -->\n<title>Que faire ? - Le Portugal<\/title>\n<meta name=\"robots\" content=\"index, follow, max-snippet:-1, max-image-preview:large, max-video-preview:-1\" \/>\n<link rel=\"canonical\" href=\"http:\/\/www.cub40ua.ufra.o2switch.site\/?page_id=171\" \/>\n<meta property=\"og:locale\" content=\"fr_FR\" \/>\n<meta property=\"og:type\" content=\"article\" \/>\n<meta property=\"og:title\" content=\"Que faire ? - Le Portugal\" \/>\n<meta property=\"og:description\" content=\"Cabo Da Roca : l\u00e0 o\u00f9 finit la terre et commence l&rsquo;oc\u00e9an Admirer le panorama La principale attraction du Cabo Da Roca est la vue panoramique sur l&rsquo;oc\u00e9an Atlantique. Les falaises escarp\u00e9es et le bruit des vagues s&rsquo;\u00e9crasant contre celles-ci cr\u00e9ent une atmosph\u00e8re unique, vous transporte. Visiter le phare du Cabo Da Roca Ce phare &hellip; Lire la suite de\u00ab\u00a0Que faire ?\u00a0\u00bb\" \/>\n<meta property=\"og:url\" content=\"http:\/\/www.cub40ua.ufra.o2switch.site\/?page_id=171\" \/>\n<meta property=\"og:site_name\" content=\"Le Portugal\" \/>\n<meta property=\"article:modified_time\" content=\"2025-03-16T15:14:23+00:00\" \/>\n<meta name=\"twitter:card\" content=\"summary_large_image\" \/>\n<meta name=\"twitter:label1\" content=\"Dur\u00e9e de lecture estim\u00e9e\" \/>\n\t<meta name=\"twitter:data1\" content=\"2 minutes\" \/>\n<script type=\"application\/ld+json\" class=\"yoast-schema-graph\">{\"@context\":\"https:\/\/schema.org\",\"@graph\":[{\"@type\":\"WebPage\",\"@id\":\"http:\/\/www.cub40ua.ufra.o2switch.site\/?page_id=171\",\"url\":\"http:\/\/www.cub40ua.ufra.o2switch.site\/?page_id=171\",\"name\":\"Que faire ? - Le Portugal\",\"isPartOf\":{\"@id\":\"https:\/\/www.cub40ua.ufra.o2switch.site\/#website\"},\"datePublished\":\"2025-03-12T12:18:46+00:00\",\"dateModified\":\"2025-03-16T15:14:23+00:00\",\"breadcrumb\":{\"@id\":\"http:\/\/www.cub40ua.ufra.o2switch.site\/?page_id=171#breadcrumb\"},\"inLanguage\":\"fr-FR\",\"potentialAction\":[{\"@type\":\"ReadAction\",\"target\":[\"http:\/\/www.cub40ua.ufra.o2switch.site\/?page_id=171\"]}]},{\"@type\":\"BreadcrumbList\",\"@id\":\"http:\/\/www.cub40ua.ufra.o2switch.site\/?page_id=171#breadcrumb\",\"itemListElement\":[{\"@type\":\"ListItem\",\"position\":1,\"name\":\"Accueil\",\"item\":\"https:\/\/www.cub40ua.ufra.o2switch.site\/\"},{\"@type\":\"ListItem\",\"position\":2,\"name\":\"Que faire ?\"}]},{\"@type\":\"WebSite\",\"@id\":\"https:\/\/www.cub40ua.ufra.o2switch.site\/#website\",\"url\":\"https:\/\/www.cub40ua.ufra.o2switch.site\/\",\"name\":\"Le Portugal\",\"description\":\"\",\"publisher\":{\"@id\":\"https:\/\/www.cub40ua.ufra.o2switch.site\/#organization\"},\"potentialAction\":[{\"@type\":\"SearchAction\",\"target\":{\"@type\":\"EntryPoint\",\"urlTemplate\":\"https:\/\/www.cub40ua.ufra.o2switch.site\/?s={search_term_string}\"},\"query-input\":{\"@type\":\"PropertyValueSpecification\",\"valueRequired\":true,\"valueName\":\"search_term_string\"}}],\"inLanguage\":\"fr-FR\"},{\"@type\":\"Organization\",\"@id\":\"https:\/\/www.cub40ua.ufra.o2switch.site\/#organization\",\"name\":\"Le Portugal\",\"url\":\"https:\/\/www.cub40ua.ufra.o2switch.site\/\",\"logo\":{\"@type\":\"ImageObject\",\"inLanguage\":\"fr-FR\",\"@id\":\"https:\/\/www.cub40ua.ufra.o2switch.site\/#\/schema\/logo\/image\/\",\"url\":\"https:\/\/www.cub40ua.ufra.o2switch.site\/wp-content\/uploads\/2025\/02\/cropped-Le-Portugal-2.png\",\"contentUrl\":\"https:\/\/www.cub40ua.ufra.o2switch.site\/wp-content\/uploads\/2025\/02\/cropped-Le-Portugal-2.png\",\"width\":288,\"height\":351,\"caption\":\"Le Portugal\"},\"image\":{\"@id\":\"https:\/\/www.cub40ua.ufra.o2switch.site\/#\/schema\/logo\/image\/\"}}]}<\/script>\n<!-- \/ Yoast SEO plugin. -->","yoast_head_json":{"title":"Que faire ? - Le Portugal","robots":{"index":"index","follow":"follow","max-snippet":"max-snippet:-1","max-image-preview":"max-image-preview:large","max-video-preview":"max-video-preview:-1"},"canonical":"http:\/\/www.cub40ua.ufra.o2switch.site\/?page_id=171","og_locale":"fr_FR","og_type":"article","og_title":"Que faire ? - Le Portugal","og_description":"Cabo Da Roca : l\u00e0 o\u00f9 finit la terre et commence l&rsquo;oc\u00e9an Admirer le panorama La principale attraction du Cabo Da Roca est la vue panoramique sur l&rsquo;oc\u00e9an Atlantique. Les falaises escarp\u00e9es et le bruit des vagues s&rsquo;\u00e9crasant contre celles-ci cr\u00e9ent une atmosph\u00e8re unique, vous transporte. Visiter le phare du Cabo Da Roca Ce phare &hellip; Lire la suite de\u00ab\u00a0Que faire ?\u00a0\u00bb","og_url":"http:\/\/www.cub40ua.ufra.o2switch.site\/?page_id=171","og_site_name":"Le Portugal","article_modified_time":"2025-03-16T15:14:23+00:00","twitter_card":"summary_large_image","twitter_misc":{"Dur\u00e9e de lecture estim\u00e9e":"2 minutes"},"schema":{"@context":"https:\/\/schema.org","@graph":[{"@type":"WebPage","@id":"http:\/\/www.cub40ua.ufra.o2switch.site\/?page_id=171","url":"http:\/\/www.cub40ua.ufra.o2switch.site\/?page_id=171","name":"Que faire ? - Le Portugal","isPartOf":{"@id":"https:\/\/www.cub40ua.ufra.o2switch.site\/#website"},"datePublished":"2025-03-12T12:18:46+00:00","dateModified":"2025-03-16T15:14:23+00:00","breadcrumb":{"@id":"http:\/\/www.cub40ua.ufra.o2switch.site\/?page_id=171#breadcrumb"},"inLanguage":"fr-FR","potentialAction":[{"@type":"ReadAction","target":["http:\/\/www.cub40ua.ufra.o2switch.site\/?page_id=171"]}]},{"@type":"BreadcrumbList","@id":"http:\/\/www.cub40ua.ufra.o2switch.site\/?page_id=171#breadcrumb","itemListElement":[{"@type":"ListItem","position":1,"name":"Accueil","item":"https:\/\/www.cub40ua.ufra.o2switch.site\/"},{"@type":"ListItem","position":2,"name":"Que faire ?"}]},{"@type":"WebSite","@id":"https:\/\/www.cub40ua.ufra.o2switch.site\/#website","url":"https:\/\/www.cub40ua.ufra.o2switch.site\/","name":"Le Portugal","description":"","publisher":{"@id":"https:\/\/www.cub40ua.ufra.o2switch.site\/#organization"},"potentialAction":[{"@type":"SearchAction","target":{"@type":"EntryPoint","urlTemplate":"https:\/\/www.cub40ua.ufra.o2switch.site\/?s={search_term_string}"},"query-input":{"@type":"PropertyValueSpecification","valueRequired":true,"valueName":"search_term_string"}}],"inLanguage":"fr-FR"},{"@type":"Organization","@id":"https:\/\/www.cub40ua.ufra.o2switch.site\/#organization","name":"Le Portugal","url":"https:\/\/www.cub40ua.ufra.o2switch.site\/","logo":{"@type":"ImageObject","inLanguage":"fr-FR","@id":"https:\/\/www.cub40ua.ufra.o2switch.site\/#\/schema\/logo\/image\/","url":"https:\/\/www.cub40ua.ufra.o2switch.site\/wp-content\/uploads\/2025\/02\/cropped-Le-Portugal-2.png","contentUrl":"https:\/\/www.cub40ua.ufra.o2switch.site\/wp-content\/uploads\/2025\/02\/cropped-Le-Portugal-2.png","width":288,"height":351,"caption":"Le Portugal"},"image":{"@id":"https:\/\/www.cub40ua.ufra.o2switch.site\/#\/schema\/logo\/image\/"}}]}},"_links":{"self":[{"href":"https:\/\/www.cub40ua.ufra.o2switch.site\/index.php?rest_route=\/wp\/v2\/pages\/171","targetHints":{"allow":["GET"]}}],"collection":[{"href":"https:\/\/www.cub40ua.ufra.o2switch.site\/index.php?rest_route=\/wp\/v2\/pages"}],"about":[{"href":"https:\/\/www.cub40ua.ufra.o2switch.site\/index.php?rest_route=\/wp\/v2\/types\/page"}],"author":[{"embeddable":true,"href":"https:\/\/www.cub40ua.ufra.o2switch.site\/index.php?rest_route=\/wp\/v2\/users\/1"}],"replies":[{"embeddable":true,"href":"https:\/\/www.cub40ua.ufra.o2switch.site\/index.php?rest_route=%2Fwp%2Fv2%2Fcomments&post=171"}],"version-history":[{"count":11,"href":"https:\/\/www.cub40ua.ufra.o2switch.site\/index.php?rest_route=\/wp\/v2\/pages\/171\/revisions"}],"predecessor-version":[{"id":368,"href":"https:\/\/www.cub40ua.ufra.o2switch.site\/index.php?rest_route=\/wp\/v2\/pages\/171\/revisions\/368"}],"wp:attachment":[{"href":"https:\/\/www.cub40ua.ufra.o2switch.site\/index.php?rest_route=%2Fwp%2Fv2%2Fmedia&parent=171"}],"curies":[{"name":"wp","href":"https:\/\/api.w.org\/{rel}","templated":true}]}}